rue
Is 72 a factor of 21240?
True
Is 992 a multiple of 5?
False
Is 33027 a multiple of 109?
True
Is 22605 a multiple of 12?
False
Is 342 a factor of 13076?
False
Is 17 a factor of 595?
True
Is 76 a factor of 464?
False
Is 16 a factor of 8726?
False
Does 86 divide 688?
True
Does 25 divide 17200?
True
Does 20 divide 231?
False
Does 10 divide 431?
False
Does 26 divide 12694?
False
Is 32 a factor of 96?
True
Is 10 a factor of 1500?
True
Is 157 a multiple of 99?
False
Is 2360 a multiple of 40?
True
Does 10 divide 690?
True
Is 29236 a multiple of 29?
False
Is 70 a factor of 1120?
True
Is 25 a factor of 14496?
False
Does 17 divide 1628?
False
Is 44160 a multiple of 92?
True
Is 61 a factor of 2806?
True
Is 33 a factor of 4191?
True
Is 13 a factor of 7330?
False
Is 24 a factor of 672?
True
Is 9319 a multiple of 64?
False
Is 4079 even?
False
Is 2676 a multiple of 22?
False
Does 139 divide 3111?
False
Does 95 divide 63745?
True
Is 17 a multiple of 7?
False
Is 97 a multiple of 14?
False
Is 19747 a multiple of 6?
False
Is 94 a factor of 131493?
False
Does 4 divide 36?
True
Is 24 a factor of 389?
False
Is 8 a factor of 1523?
False
Is 67 a factor of 335?
True
Is 39045 a multiple of 57?
True
Is 34525 a multiple of 158?
False
Does 12 divide 2114?
False
Is 208 a multiple of 26?
True
Is 54868 a multiple of 44?
True
Does 17 divide 376?
False
Is 13 a factor of 13520?
True
Is 17119 a multiple of 53?
True
Is 2625 a multiple of 5?
True
Is 12 a factor of 43516?
False
Is 99 a factor of 297?
True
Is 14 a factor of 683?
False
Is 1498 a multiple of 70?
False
Is 2481 a multiple of 15?
False
Is 18 a factor of 126?
True
Does 54 divide 648?
True
Is 9 a factor of 154?
False
Does 4 divide 2752?
True
Does 7 divide 91?
True
Is 302 a factor of 42260?
False
Does 4 divide 1035?
False
Is 70 a factor of 8540?
True
Does 185 divide 1447?
False
Is 17 a factor of 2464?
False
Does 74 divide 148?
True
Is 264 a factor of 107448?
True
Is 7112 a multiple of 10?
False
Is 941 a multiple of 86?
False
Is 8 a factor of 1902?
False
Is 11 a factor of 16137?
True
Does 30 divide 44820?
True
Is 20 a factor of 21?
False
Does 50 divide 250?
True
Is 17 a factor of 138?
False
Is 554 a multiple of 8?
False
Is 9673 a multiple of 17?
True
Is 638 a multiple of 58?
True
Does 140 divide 5319?
False
Is 10860 even?
True
Is 8 a factor of 1088?
True
Is 204 a factor of 17340?
True
Is 28 a factor of 2414?
False
Does 158 divide 27966?
True
Does 15 divide 749?
False
Is 133 a factor of 13832?
True
Does 59 divide 1829?
True
Is 1830 a multiple of 57?
False
Does 23 divide 11937?
True
Is 932 a multiple of 55?
False
Does 19 divide 86199?
False
Is 11 a multiple of 2?
False
Does 10 divide 150?
True
Does 26 divide 7566?
True
Is 29 a factor of 1746?
False
Is 51 a factor of 1071?
True
Is 1697 a multiple of 80?
False
Does 20 divide 1080?
True
Is 54 a factor of 1242?
True
Is 8 a factor of 712?
True
Is 25 a factor of 475?
True
Is 41 a multiple of 41?
True
Is 5455 a multiple of 11?
False
Is 8 a factor of 3176?
True
Is 51063 a multiple of 173?
False
Does 8 divide 1040?
True
Is 131 a factor of 2076?
False
Is 11 a factor of 2237?
False
Is 12 a factor of 946?
False
Does 10 divide 6990?
True
Is 2249 a multiple of 17?
False
Is 12 a factor of 1753?
False
Is 3845 a multiple of 79?
False
Is 778 even?
True
Is 2970 a multiple of 54?
True
Does 11 divide 356?
False
Does 46 divide 736?
True
Is 555 a multiple of 12?
False
Is 4 a factor of 16?
True
Is 6400 a multiple of 25?
True
Is 85 a multiple of 3?
False
Is 402 a multiple of 17?
False
Does 16 divide 7024?
True
Does 14 divide 28?
True
Is 18 a factor of 1642?
False
Does 6 divide 16776?
True
Does 10 divide 11948?
False
Does 19 divide 513?
True
Is 71 a factor of 1136?
True
Is 3086 a multiple of 29?
False
Does 42 divide 106?
False
Is 204 a multiple of 3?
True
Is 21 a factor of 301?
False
Is 137 a factor of 46580?
True
Is 131 a factor of 11970?
False
Is 4 a factor of 637?
False
Is 7 a factor of 939?
False
Does 3 divide 72?
True
Does 10 divide 2561?
False
Is 3 a factor of 69?
True
Does 27 divide 3588?
False
Is 2511 a multiple of 3?
True
Is 12 a factor of 17574?
False
Does 13 divide 4290?
True
Is 26 a factor of 13962?
True
Is 76 a factor of 6406?
False
Is 15 a factor of 16379?
False
Does 34 divide 3038?
False
Does 14 divide 9036?
False
Is 11 a factor of 330?
True
Is 21 a factor of 609?
True
Is 95232 a multiple of 124?
True
Is 169 a multiple of 15?
False
Does 12 divide 3915?
False
Is 89 a factor of 7890?
False
Is 32704 a multiple of 66?
False
Does 163 divide 10106?
True
Is 57 a factor of 9291?
True
Does 3 divide 503?
False
Does 68 divide 489?
False
Is 2430 a multiple of 95?
False
Is 16 a factor of 1648?
True
Is 119 a factor of 2023?
True
Is 14 a factor of 1078?
True
Is 4620 a multiple of 60?
True
Is 13 a factor of 18928?
True
Is 5 a factor of 3451?
False
Does 5 divide 171?
False
Does 10 divide 1149?
False
Is 24 a factor of 7508?
False
Is 6 a factor of 1608?
True
Is 2213 a multiple of 10?
False
Is 13 a factor of 312?
True
Is 6225 a multiple of 15?
True
Is 12 a factor of 4356?
True
Is 30792 a multiple of 14?
False
Is 115 a factor of 56782?
False
Does 2 divide 1238?
True
Is 55 a factor of 540?
False
Does 111 divide 13720?
False
Is 19 a factor of 724?
False
Does 32 divide 1554?
False
Does 22 divide 38515?
False
Is 21450 a multiple of 15?
True
Is 31 a factor of 13144?
True
Does 62 divide 496?
True
Is 3 a factor of 21?
True
Is 416 a multiple of 18?
False
Does 59 divide 2773?
True
Is 54 a factor of 3642?
False
Is 1551 a multiple of 8?
False
Is 1455 a multiple of 15?
True
Is 32634 a multiple of 18?
True
Is 1148 a multiple of 12?
False
Is 217 a multiple of 13?
False
Is 68145 a multiple of 27?
False
Is 49 a factor of 8479?
False
Is 12 a factor of 864?
True
Does 27 divide 415?
False
Is 4158 a multiple of 29?
False
Is 7959 a multiple of 64?
False
Does 14 divide 3262?
True
Is 1188 a multiple of 9?
True
Is 13 a factor of 2384?
False
Is 73 a factor of 17296?
False
Does 75 divide 900?
True
Is 18 a factor of 425?
False
Is 29688 a multiple of 23?
False
Is 81 a factor of 24234?
False
Is 7 a factor of 96369?
True
Is 507 a multiple of 8?
False
Is 12 a factor of 876?
True
Is 5 a factor of 140?
True
Does 321 divide 69336?
True
Is 15 a factor of 140430?
True
Does 15 divide 61014?
False
Does 52 divide 7800?
True
Does 25 divide 725?
True
Does 25 divide 222?
False
Is 66 a factor of 1829?
False
Is 1812 a multiple of 12?
True
Is 7 a factor of 2384?
False
Is 1380 a multiple of 12?
True
Is 51 a multiple of 6?
False
Is 37 even?
False
Is 14794 a multiple of 8?
False
Is 4850 a multiple of 97?
True
Is 47864 a multiple of 124?
True
Is 4823 a multiple of 7?
True
Is 60 a factor of 1308?
False
Is 14 a factor of 8064?
True
Does 81 divide 45036?
True
Does 10 divide 23198?
False
Is 236 a multiple of 3?
False
Is 240 a multiple of 24?
True
Does 18 divide 41490?
True
Is 38 a factor of 266?
True
Is 6966 a multiple of 11?
False
Is 91 a factor of 364?
True
Is 108 a factor of 540?
True
Does 2 divide 63?
False
Does 105 divide 945?
True
Does 32 divide 9308?
False
Is 21 a factor of 2218?
False
Does 16 divide 13921?
False
Is 16907 a multiple of 180?
False
Does 47 divide 1517?
False
Is 650 a multiple of 25?
True
Does 33 divide 563?
False
Is 94392 a multiple of 287?
False
Does 2 divide 317?
False
Is 38814 a multiple of 19?
False
Is 30 a factor of 1065?
False
Is 154 a factor of 68235?
False
Is 7956 a multiple of 51?
True
Does 21 divide 2478?
True
Is 38 a factor of 6144?
False
Does 15 divide 221?
False
Is 16 a multiple of 2?
True
Is 104 a factor of 18096?
True
Does 29 divide 638?
True
Does 41 divide 10455?
True
Does 15 divide 975?
True
Is 15 a factor of 6300?
True
Is 37 a factor of 1500?
False
Does 36 divide 2681?
False
Is 5 a factor of 10656?
False
Is 3 a factor of 1348?
False
Does 23 divide 299?
True
Is 6050 a multiple of 30?
False
Is 2578 a multiple of 36?
False
Does 2 divide 119?
False
Is 46434 a multiple of 16?
False
Is 66 a factor of 396?
True
Does 85 divide 3177?
False
Does 18 divide 6044?
False
Does 10 divide 37425?
False
Does 9 divide 252?
True
Does 18 divide 69654?
False
Is 2565 a multiple of 20?
False
Is 71 a multiple of 14?
False
Is 3 a factor of 8?
False
Does 17 divide 4368?
False
Is 810 a multiple of 230?
False
Does 2 divide 236?
True
Does 27 d